- 203 - (0 + -14)) - -64?
68
-54 - ((41 - 124) + 59)
-30
Calculate 30 + (-21 - -36 - 37) + 23.
31
What is the value of (-2 - -5) + 1 + (1 - 1) + (-3556 - -3513)?
-39
Calculate 19 + 12 + -117 + 134.
48
Calculate 1035 + -1029 - ((-2 - -6) + -117).
119
Evaluate (14 - 2 - (3 + -7 + 21 + 7)) + 3.
-9
22364 + -22433 + 14 + 0 + -2 + 1
-56
What is 67 - 68 - -56 - 92?
-37
What is (-30 - (0 + -38)) + 1 + (2 - 5)?
6
Calculate 84 + 66 + -73 + -67.
10
-6 + 17 - (-41 + 63)
-11
What is 603 + -616 + -9 + 2 + -4?
-24
10 + (0 - 2 - ((-8 - -20) + 14 + -23))
5
Calculate -22 + (12 - -12 - 8) + -21.
-27
Evaluate (-62 - (-2 + 5 + (-12 - -16) + -15)) + 13.
-41
What is the value of (4 - (1 + 0)) + 59 + -42 + -70?
-50
What is the value of (46 - 5) + (109 - 101)?
49
Calculate (-192 - (-169 + 65)) + 64.
-24
Calculate 20 + ((-12 - -22) + -5 - -18) + 12.
55
Calculate -1 + -1 + -24 + (-9 - (-28 - -36) - -11).
-32
Calculate -39 - (-63 + 42 + -1 + 4).
-21
What is the value of (-248 - -229) + (16 - 4) + (23 - 3) + -1?
12
What is the value of -4 - (45 + 61 + 3)?
-113
What is the value of 167 + (-14 - 80) + 2 + -11?
64
What is 26 - ((6 - (-4 + 29 - 13)) + 17)?
15
Calculate -42 + (89 - 51) + 52.
48
What is 47 + 2 + -11 + -26 + 27?
39
-11 + 6 + 3 + 40 + 17 + (-9 - 3)
43
What is (-201 + 177 - (51 + -3)) + (-3 - -12) + -3?
-66
Evaluate -78 + -33 + 14 + 17.
-80
Evaluate 6 + (-31 + 25 + -5 + 9 - -4).
8
0 + ((19 - 16) + (3 - (-2 + -3)) - 31)
-20
-1 + 35 - 0 - 76 - -20
-22
16 - (-1 + -3 - (2 - 3 - 9))
10
Evaluate 142 - (41 - (-13 + -55)).
33
What is the value of -169 + -25 + 26 + 33 - -24?
-111
-39 + -48 + (16 - 15) + -31 + 6 + -1
-112
-18 + -5 + -6 - (69 + -90 + 18)
-26
(-5 - ((3 - 9) + 32)) + (3 - 6)
-34
What is the value of -15 + (-66 - -84) + 32?
35
44 + (2 - 5) - (13 + 15 + -41 + 20)
34
Calculate 17 - ((-21 - -33) + -44 - -40).
9
(-19 - -4) + (157 + -122 - (1 + 6))
13
What is the value of -28 + 31 + 1 + -32 - (30 + -20)?
-38
-86 + 165 + -37 + -91
-49
11 + -1 - (212 - (420 - 248))
-30
What is the value of (-9 - 14) + 33 + (-1 - 0) + 9?
18
3 + -41 + -159 + 198
1
Evaluate 40 - 101 - (-31 - 11).
-19
What is the value of -2 + -2 + 4 - (-19 + -20 + -12)?
51
Evaluate -75 + (-24 - (15 + 1 + -44)).
-71
What is the value of -11 + (-8 - (-42 + -7) - 10)?
20
Evaluate 43 - ((-8 - 2) + 72 + -47).
28
Calculate -20 - ((-19 - (-6 + -9) - 1) + 11).
-26
What is the value of 0 + -32 - (65 + -60) - 5?
-42
What is -46 + -26 + -22 + 98?
4
Calculate -3 + (-109 - (151 - 320)).
57
-12 + -34 + 78 - -33
65
What is (-7 - -12) + -22 - (-21 + 27 + -6)?
-17
-55 + (-38 - -37) + 107
51
Calculate -1 + -61 - (-49 + (36 - 5)) - (-1 - 1).
-42
What is -26 + -28 - 9 - -41?
-22
What is 0 + (-2 - -5) - (32 - 62 - -40)?
-7
Calculate 17 + -3 + (17 - 34) + 5.
2
-10 - (-4 - 33) - (0 - 85)
112
Calculate 140 - 256 - (-154 - 2).
40
Calculate 6 + (-7 + -20 + 16 - (-5 + -5)) + 102.
107
What is -12 + 14 + (46 - (-16 - -28))?
36
What is the value of -5 - (-6 + 22 + -13 + 2)?
-10
Evaluate (14 + -26 + 32 - 29) + -1.
-10
Evaluate -49 + (47 - 80) + 93.
11
Evaluate -1266 - -1255 - (0 + -36).
25
Calculate (4 + (13 - (3 - -5)) - (6 + 71)) + 11.
-57
0 + -19 + -5 + 58 + -122
-88
Calculate -1 + 94 + -44 + -61.
-12
What is the value of 0 + 16 + (4 - -8 - (-33 + 47))?
14
-2 - -2 - ((-25 - (-63 + 2)) + -3)
-33
What is 8 + -7 + -7 - (1 + -4)?
-3
2126 + -2154 - (31 - 1)
-58
What is the value of -53 + 148 + -112 + 102?
85
Calculate -2 + 3 - (-15 - (6 + -43)).
-21
What is 25 + (-57 - -25) - -25?
18
(13 + 2 + -6 - ((6 - 0) + -8)) + -4
7
What is 1 - (1 - (-12 + -5 + 29 - 3))?
9
Calculate (28 - (52 + -34 + 39)) + -23.
-52
(7 - -5) + (-28 - -16) - 2 - (1 - -64)
-67
78 + -88 + (91 - 150)
-69
4 + -4 + 0 + -4 - (22 - -85) - 4
-115
What is the value of -11 - ((11 - (6 + -12 + 8)) + -11)?
-9
What is the value of 1 + 1 - -11 - (-239 + (31 - -137))?
84
4 + -5 + 51 - (268 + -237)
19
Evaluate (2 - -16) + -16 - (26 + 0 + 1 + -8).
-17
(-651 - -544) + (64 - -16)
-27
What is 50 - (-12 + (25 + -8 - (2 - -12)) - 3)?
62
What is the value of (3 - (14 - 25) - 53) + -5 + -8?
-52
Calculate (13 - (3 + 1)) + -13 - (-6 + -30).
32
71 - 0 - (186 - 145)
30
Evaluate 3 + (-1 - -15 - (8 - -2 - 22)).
29
-6 + 11 + 56 + -6 - -5
60
What is the value of -35 + 17 + -30 + 96 + 21?
69
Calculate (67 - (-58 + 72)) + (-3 - -4) + -14.
40
What is the value of (1 - -14 - (-62 + 82)) + 4?
-1
Evaluate 4 - 9 - 10 - (82 + (-20 - 32)).
-45
What is -178 + 171 - ((5 - (-6 - -3)) + 8)?
-23
What is (2 - -1 - (7 - 12)) + (35 - (-17 - -16))?
44
What is -1 + 5 - 64 - 1 - (114 - 124)?
-51
What is the value of -3 - 0 - (-39 - -13) - (1294 + -1313)?
42
What is -5 + -93 - (-909 - -738)?
73
Evaluate 5698 + -5757 - (-7 + 1).
-53
What is the value of -9161 + 9243 + 46 + 0 + 1?
129
Calculate -9 + 6 + 7 + -3 - (-7 + (6 - 11)).
13
-7 + (6 - 2) + 4 + -5 - (224 + -169)
-59
What is the value of (146 - 0) + (-5208 - -5082)?
20
What is the value of 78 + (61 - (-68 + 147))?
60
What is the value of -44 - (15 + (-46 - -3))?
-16
Calculate 1 - -95 - (-10883 - -10991).
-12
What is the value of 0 + (2 + 1 - 12) + 8 + -65?
-66
What is the value of -142 + (102 + -48 - -27)?
-61
Calculate -217 - ((-301 - -84) + 111).
-111
What is (41 - 23 - 24) + (0 + -1 - -7) + 9?
9
Calculate 7 + (-14 + -11 - -2) + 5.
-11
Calculate -20 + (0 - -4 - (-186 + 147)).
23
What is 11 + (6 - (0 + 2)) + -3 - (-1417 - -1459)?
-30
-2 + 8 - 15 - (19 + -8 - (144 + -43))
81
What is 3 - 6 - 9 - (-128 + 158)?
-42
Evaluate 7 + 29 + -8 + -26 - -75.
77
What is -40 + (-28 - (234 + -244 + -6 + -1))?
-51
What is (-33 - -54) + -41 + 26?
6
Evaluate (24 + (-62 - -5) - -53) + -26.
-6
What is the value of -4 + (-36 - -14) + 39?
13
1120 + -1106 - (1 + -14)
27
Evaluate (88 - (59 - 10)) + -32.
7
Calculate (-107 + -46 - -136) + (58 - 1 - -1).
41
What is the value of 6 + (-11 - 2) + 2 + (9 - -19)?
23
What is (232 + -255 - (-1 - 23) - 8) + (-1 - 61)?
-69
What is the value of (-3 - 17) + 19 + 78 + -3 + 3 + 1?
78
(13 - 18) + -6 + 25 + -14 + (-2 - -1)
-1
Calculate 1 + -19 - ((-8 - 18) + 38).
-30
Calculate 71 - (-55 - -61 - -87).
-22
What is the value of (4 + -6 - (-2 + -4 + 0 + 14)) + 105?
95
What is -67 + -42 - (6 + -2) - (-10 + -4 + 2)?
-101
Calculate 3 + 8 + (24 + 3 - 32).
6
(2 - (-4 - (-69 + 1))) + (-84 - -90)
-56
Evaluate -54 - (-6 - (57 + -46)).
-37
Evaluate 177 - (-6 - 0) - (1806 + -1761).
138
Calculate 5284 - 5214 - (-1 - -41).
30
4 + 0 - -34 - (245 - 253)
46
-6 + 74 - (-50 + (-94 - -106))
106
Calculate 3 + (85 - 66) - 41.
-19
Evaluate -8 + (-2 - -7) + 20 + -181 + 43.
-121
What is the value of (135 - (-36 + 86)) + -41?
44
Calculate 20 - (102 + -6 + (-24 - -16)).
-68
Calculate (10 - -18) + -76 - -29.
-19
Evaluate -155 - (117 - 175) - -80.
-17
(2 + 0 - 2) + (-540 - -546) - (-33 + 35)
4
Calculate (20 - 4 - 0) + -9 - (-2 + 1 + 57).
-49
Evaluate 25 + (-67 - -35) - 15.
-22
Calculate -2 + -3 + 12 + (60 - 93).
-26
Calculate -11 - 1 - ((235 - 110) + -93).
-44
What is -7 + (155 - 61 - (-3 - (14 - 13)))?
91
(-17 + 23 - 1) + 49 + (-16 - -7)
45
What is the value of (-15 - -106) + (-39 + 7 - -5)?
64
What is 13 - (3 + 10 + -1 + -19)?
20
-3225 - -3261 - (-2 - -2)
36
What is 8 - (-7 + 3) - (3 + -9 + -14)?
32
Calculate -1379 + 1371 + (5 - (20 + 3)).
-26
Calculate -19 + -36 + (100 - 36).
9
Evaluate -74 + 21 + 41 + -43.
-55
Evaluate -6 + 19 + (-1 - 0 - (99 - 51)).
-36
(6 - 25) + 28 + (-99 - -124)
34
What is the value of -16 + (-37 - -18) + 10 + 49?
24
What is (-8 + 13 + -7 - 20) + -12?
-34
What is the value of 0 + 23 + -71 + (94 - 50) - -32?
28
Calculate (15 - 5) + (-62 - (5 + -3) - (-79 + 70)).
-45
What is 5 - ((-1 - (-5 + 0)) + -9) - (1627 + -1514)?
-103
What is (72 - (-89 - -163)) + (67 - 0)?
65
Calculate -12 - (3 + -25 - -1 - -12) - (-3 + -39).
39
(775 - 788) + (13 - 0 - 1) + -10
-11
-81 + (-21 + 2 + 3 - -24 - (5 - 3))
-75
50 - ((390 - 381) + 0 + 19)
22
What is the value of 11 + (-7 + 17 + 8 + -14 - (-1 - 43))?
59
Calculate 8 - (-97 + (-22 - (-2 + -14)) + 16).
95
What is the value of -40 + 2 + 4 + (-28 - (-4 - 4)) + 11?
-43
What is the value of (-9 - -80 - ((-23 - 5) + 19)) + 9?
89
What is the value of -312 + 361 + -30 + -21?
-2
What is the value of (47 - (142 + -84)) + -5 + 1 - -108?
93
Calculate 63 - 5 - (73 + 25).
-40
Evaluate -191 - 5 - (47 - 136).
-107
Calculate (4809 - 4720) + (0 + 